3 + 8*l**2 - 4*l + 11 - 2*l. Let v be q(-9). Suppose 3*s - 2*r - 22 = -3*r, s + 5*r = -v. List the prime factors of s.
2
Let b(l) = 2*l - 5. Let u be b(4). Suppose -u = 5*q + 2. What are the prime factors of (-1 - -2)/(q/(-8))?
2
Let t = -1 - 3. Let p = 4 + t. Suppose -2*y + p = -16. What are the prime factors of y?
2
What are the prime factors of ((-8)/10)/((-20)/50)?
2
Let r(f) = -4 - 3*f + 0*f**2 - 2*f**2 + f**2 - 4*f. List the prime factors of r(-6).
2
Let m be 2/(-5) - 51/(-15). Let z = 20 - m. List the prime factors of z.
17
Let j be -1*(-19)/(-2 - -3). Suppose -5*g + j = -16. List the prime factors of g.
7
Let y be 1 - -3 - 2 - -1. What are the prime factors of (y - 1)*13/2?
13
Let x(b) = -b - 3. Let h be x(-7). Suppose -4*j = h*t - 8, 0*t = -t - 2*j. List the prime factors of t.
2
Let k = -320 - -468. List the prime factors of k.
2, 37
Let o(g) = g + 15. Let h be o(0). Suppose 0 - h = 5*x + 5*b, -x = -4*b - 22. Let y = x - 0. List the prime factors of y.
2
Let q(p) = 2*p - 12. Let h be q(8). Suppose -f = -0*f + h*x + 9, 4*x = -3*f + 13. List the prime factors of f.
11
Suppose 0 = -3*c + c + 6. Let v be (c/6)/(1/(-50)). Let s = -13 - v. What are the prime factors of s?
2, 3
Let r = 256 + 72. List the prime factors of r.
2, 41
Let s(v) be the third derivative of -v**5/60 - v**4/4 + 5*v**3/6 - 2*v**2. List the prime factors of s(-6).
5
Suppose 5*i - 204 = -4*t + 2*t, 4*i - 5*t = 150. List the prime factors of i.
2, 5
Suppose 3*o + l = 22, 2*l + 3*l - 11 = -4*o. Let d be ((-24)/o)/(-4)*-69. What are the prime factors of d/(-12) + 3/18?
2
Let p be (-2 + 0 - -1)*0. Suppose p*f - 38 = -2*f + 2*m, -5*f = 4*m - 113. List the prime factors of f.
3, 7
Let h be (1 + -166)/((-9)/6). Suppose 0 = -y - 4*y + h. Suppose -n - n = -y. What are the prime factors of n?
11
Let l(f) = -f**2 + 5*f - 1. Let m be l(4). Suppose 5*g - 199 = -2*i, -i = 2*g - m*i - 74. List the prime factors of g.
3, 13
Let s(t) = 5*t**2 + 2*t - 1. Let a = -6 - -4. Let o be s(a). Suppose -p + 2*p = o. List the prime factors of p.
3, 5
Let d be (-6)/(-39) - 1864/(-52). Let a = d + -7. List the prime factors of a.
29
Let m = -8 + 55. List the prime factors of m.
47
Suppose 2*w + 156 = 5*z, w + 2*w = 5*z - 159. List the prime factors of z.
2, 3, 5
Suppose -4*z = x - 5, -3*z + 1 = -x - z. Let q(b) = 37*b - 3. List the prime factors of q(x).
2, 17
Suppose 0 = -2*c + 14 + 56. List the prime factors of c.
5, 7
Let p = 7 + -4. Suppose -p*t = -0*t - 60. Suppose -4*w + 12 = -t. What are the prime factors of w?
2
Suppose 0 = 5*q + 5*t + 11 + 14, -4*t = 2*q + 8. Let p = q - -18. List the prime factors of p.
2, 3
List the prime factors of 33 + 0 - 0/6.
3, 11
Let x = 3 - 10. Let i(y) = y**3 + 8*y**2 + 6*y - 2. What are the prime factors of i(x)?
5
Let n(c) = c - 1. Let j(s) = 2*s**2 - s + 2. Let w(i) = -j(i) - 2*n(i). Let q be w(1). Let k(x) = x**2 + 2. What are the prime factors of k(q)?
11
Let s(b) = -b + 1 + b + 15*b**2 - 2*b. What are the prime factors of s(1)?
2, 7
Let a = -6 - -26. What are the prime factors of a?
2, 5
Let k = 4 + -4. Suppose 7*f - f - 150 = k. List the prime factors of f.
5
Suppose -3*x = 15, -m - x - 3*x + 13 = 0. What are the prime factors of m?
3, 11
Let y = 1 + 4. Suppose y*q - 62 = 53. What are the prime factors of q?
23
List the prime factors of ((-105)/28)/((-3)/8).
2, 5
Let u = -11 + 18. Let j = 25 - u. Suppose 4*f - j = -0*g - g, -g - 3*f = -17. List the prime factors of g.
2, 7
Let d(a) = 125*a**3 - a**2 - a + 1. Let w be d(1). Suppose -5*g + w = 14. Suppose -2*j - 31 = -5*l - 3*j, 4*l - g = 2*j. What are the prime factors of l?
2, 3
Suppose -7*y = -8*y + 5. Suppose -5*f + 9 = 4*m, 0 = -y*m + 2*m - 2*f + 5. List the prime factors of m - (9*-1)/1.
2, 5
Suppose 15 + 6 = w + 4*z, 4*z = -3*w + 63. What are the prime factors of w?
3, 7
Let d(p) = -13*p**3. Let r = 3 - 4. What are the prime factors of d(r)?
13
Let q = -5 + 9. What are the prime factors of q?
2
Suppose 3*r = 2*c + 6*r - 4, 12 = c - r. Suppose 4*q = c*q - 12. Suppose q*x - 7*x + 24 = 0. What are the prime factors of x?
2, 3
Let y(o) = 2*o - 4. Suppose m = -m - j + 12, 2*j - 16 = -2*m. List the prime factors of y(m).
2
Let i(m) = 3*m**2 - 4*m - 36. What are the prime factors of i(-12)?
2, 3, 37
Let v(k) = -5 + 0*k + 3*k - 3. What are the prime factors of v(6)?
2, 5
Let z(m) = 2*m - 2*m + 3*m - 8 - 9. What are the prime factors of z(12)?
19
Suppose 0 = 3*v - 51 - 165. Suppose 7*w - 4*w = v. List the prime factors of w.
2, 3
Let n be (10/3)/(2/3). List the prime factors of -1 + 0 + 0 + n.
2
Suppose -y + 5*y + 3*h - 355 = 0, 9 = -3*h. List the prime factors of y.
7, 13
Suppose -3*a - 99 = -4*h + 5, -2*h + 42 = a. List the prime factors of h.
23
What are the prime factors of (-6)/(-2) - (-3 - 1)*20?
83
Let k be 3/15 + 24/5. Let n = k + 12. What are the prime factors of n?
17
What are the prime factors of (4/5)/(2/90)?
2, 3
What are the prime factors of (6/9)/((-4)/(-714))?
7, 17
Suppose 0 = 3*b - 5*b - 4*h - 156, -h = 5. List the prime factors of 5/(-1)*b/20.
17
Suppose -5*z = 3*m - 44, 5 + 23 = 3*m + z. What are the prime factors of m?
2
Let d = 111 - 76. List the prime factors of d.
5, 7
Suppose 12*j - 441 = 5*j. Let w = j + -15. List the prime factors of w.
2, 3
Let n = -21 - 2. Let c = n - -42. List the prime factors of c.
19
Let b(p) = 5*p**2 + 14*p + 8. Let m(r) = 6*r**2 + 15*r + 9. Let k(d) = 5*b(d) - 4*m(d). List the prime factors of k(-10).
2
Suppose -2*o - 3*o = 3*m - 122, -5*o + 127 = -2*m. Let j = 34 + -16. Let r = o - j. List the prime factors of r.
7
Let v(w) = -w**2 + 2*w - 1. Let l be v(3). Let z be (-2)/(-1)*-1 - l. Suppose 0 = z*a + a - 6. What are the prime factors of a?
2
Let f be 5 - 2 - (-1 + -1). Let u = -5 + f. Suppose 3*t - 4*k + 6 - 27 = 0, -2*t - 3*k + 31 = u. List the prime factors of t.
11
Suppose 6 = 2*t - 0*t. Suppose -4*a - 4*x = -27 - 53, 0 = -t*x + 9. What are the prime factors of a?
17
Let b(x) = x**2 - 2*x - 7. Suppose 4*i - 19 - 1 = 0. List the prime factors of b(i).
2
Let x(s) = -s - 4. Let v be x(-9). Let d(t) = t**3 - 3*t**2 - 4*t - 7. What are the prime factors of d(v)?
23
What are the prime factors of (4/3)/(12/54)?
2, 3
Suppose 5*n - n - 4*s - 116 = 0, -s = -4. Suppose 7 + n = -5*p. Let k(x) = x**3 + 8*x**2 - x + 7. What are the prime factors of k(p)?
3, 5
Let w = 28 + -19. Suppose 4*m = -5*n - 3, 2*m + 2*n = m + 3. Let y = m + w. List the prime factors of y.
2
Suppose -i + 2*l + 26 = 0, 6*l - 12 = 3*l. List the prime factors of i.
2, 17
Let g = -2 + 3. Suppose 2*h + 3*t - g = 0, -2*h = -t + 8 - 29. What are the prime factors of h?
2
Suppose b + 4*b = -v - 101, 4*b + 2*v + 82 = 0. Let l = b + 30. What are the prime factors of l?
2, 5
Let x = -136 - -244. Suppose -3*l + x = -12. What are the prime factors of l?
2, 5
Suppose 0*v + 5*v - 5 = 0. Let g = v - -5. List the prime factors of g.
2, 3
Suppose 0*a - a + 15 = 0. List the prime factors of a.
3, 5
Let a(l) = -4*l - 2. Let n be a(-2). Let x = -4 + n. Suppose 0 = -q + x*q - 7. What are the prime factors of q?
7
Suppose y - 7 = -3*c, -2*c - 3 - 7 = -3*y. What are the prime factors of y?
2
What are the prime factors of (41 + -5)*((-22)/(-3) + 0)?
2, 3, 11
Let u = -100 - -173. What are the prime factors of u?
73
Let x(i) be the first derivative of -6*i**2 - 3*i - 4. List the prime factors of x(-2).
3, 7
Let m(v) = -v**3 - 3*v**2 - 4*v - 2. Let b be m(-2). Suppose -b = h - 2*h. What are the prime factors of h?
2
List the prime factors of ((-115)/10)/((-2)/4).
23
Let z = -26 - -37. Let x(i) = i**2 - 11*i + 2. What are the prime factors of x(z)?
2
Let c be (-7)/(28/(-216)) + 4. Let h = c + -36. List the prime factors of h.
2, 11
Suppose 4*z = o - 16, z = 6*z + o + 20. Let y be 2/(-3)*30/z. Suppose 44 = 4*c + t, 42 = y*c - 0*t - 2*t. What are the prime factors of c?
2, 5
Suppose 14 + 50 = 4*y. Suppose 12*v - y*v + 44 = 0. List the prime factors of v.
11
Suppose -3*l + 141 = -3. What are the prime factors of l?
2, 3
Let j be (6 - 0)/((-39)/(-26)). What are the prime factors of (-34)/j*12/(-3)?
2, 17
Suppose -2*f - 4*s + 118 = 0, f + 74 = 2*f - 3*s. Suppose j - 76 = -5*q + 97, -2*q + j + f = 0. What are the prime factors of q?
2, 17
Let l(d) = -2*d**3 + d**2 - 2*d + 3. Let h be l(2). Let j = h + 19. Let s = j - -8. What